 factors of 2657224258.
2, 13, 257, 547, 727
List the prime factors of 4122181.
7, 41, 53, 271
What are the prime factors of 996907533?
3, 3359, 98929
List the prime factors of 3137622499.
11, 31, 599, 15361
List the prime factors of 5826686592.
2, 3, 31, 37, 13229
What are the prime factors of 29635051?
47, 59, 10687
What are the prime factors of 1122302741?
7, 160328963
List the prime factors of 146903918.
2, 7, 1201, 8737
What are the prime factors of 12114081?
3, 7, 17, 11311
List the prime factors of 560995844.
2, 1249, 112289
List the prime factors of 4090439.
103, 151, 263
What are the prime factors of 155895742?
2, 77947871
What are the prime factors of 40268502?
2, 3, 71, 389
List the prime factors of 397784340.
2, 3, 5, 2209913
List the prime factors of 193163360.
2, 5, 13, 92867
What are the prime factors of 6521760874?
2, 29, 113, 995081
List the prime factors of 1075882690.
2, 5, 107588269
List the prime factors of 194685774.
2, 3, 32447629
What are the prime factors of 3705451343?
11, 336859213
What are the prime factors of 165726389?
53, 613, 5101
What are the prime factors of 97165768?
2, 7, 1735103
List the prime factors of 2094026242.
2, 7, 11, 619, 1997
What are the prime factors of 105155641?
59, 107, 16657
What are the prime factors of 583903829?
23, 25387123
What are the prime factors of 1292500009?
313, 4129393
List the prime factors of 49908580.
2, 5, 2495429
What are the prime factors of 4758207163?
17, 279894539
List the prime factors of 677105754.
2, 3, 13, 1747, 4969
List the prime factors of 396855132.
2, 3, 4327, 7643
What are the prime factors of 300889405?
5, 60177881
List the prime factors of 330188967.
3, 31, 131497
What are the prime factors of 5012480471?
61, 82171811
List the prime factors of 25897734.
2, 3, 1438763
What are the prime factors of 1097040249?
3, 223, 271, 2017
What are the prime factors of 15274023?
3, 5091341
What are the prime factors of 114025695?
3, 5, 7, 155137
What are the prime factors of 751619972?
2, 73, 193, 13337
List the prime factors of 35482538.
2, 7, 13, 19, 31, 331
What are the prime factors of 211893401?
29, 31, 235699
List the prime factors of 104093556.
2, 3, 7, 757, 1637
What are the prime factors of 22006343?
22006343
What are the prime factors of 203566489?
7, 37, 79, 9949
What are the prime factors of 216307649?
216307649
What are the prime factors of 25165199?
701, 35899
What are the prime factors of 110000688?
2, 3, 7, 46769
What are the prime factors of 391556185?
5, 6043, 12959
List the prime factors of 147842263.
251, 503, 1171
What are the prime factors of 39947692?
2, 1993, 5011
What are the prime factors of 1162727056?
2, 79, 107, 8597
What are the prime factors of 661908727?
17327, 38201
List the prime factors of 192428968.
2, 24053621
List the prime factors of 22611756.
2, 3, 1884313
What are the prime factors of 2395556227?
2395556227
List the prime factors of 397616096.
2, 12425503
List the prime factors of 5047105051.
6421, 786031
What are the prime factors of 853582277?
19, 44925383
What are the prime factors of 284867389?
43, 73, 151, 601
List the prime factors of 202793644.
2, 2711, 18701
List the prime factors of 246156354.
2, 3, 4558451
What are the prime factors of 2989825290?
2, 3, 5, 103, 107509
List the prime factors of 1765385302.
2, 882692651
List the prime factors of 1891977144.
2, 3, 41, 307, 6263
List the prime factors of 2282155642.
2, 13, 87775217
What are the prime factors of 230138282?
2, 11, 17, 615343
List the prime factors of 72236521.
7, 10319503
What are the prime factors of 30157850?
2, 5, 59, 10223
List the prime factors of 408772191.
3, 17, 8015141
List the prime factors of 22318210.
2, 5, 2231821
What are the prime factors of 114616438?
2, 61, 199, 4721
What are the prime factors of 43727164?
2, 13, 840907
List the prime factors of 1875659987.
1875659987
What are the prime factors of 13715619?
3, 127, 35999
List the prime factors of 302417829.
3, 7, 29, 165527
What are the prime factors of 1662038104?
2, 109, 1906007
What are the prime factors of 127900628?
2, 19, 241, 6983
What are the prime factors of 781956440?
2, 5, 19548911
List the prime factors of 343882647.
3, 17, 1451, 1549
What are the prime factors of 74386530?
2, 3, 5, 547, 1511
List the prime factors of 26066224.
2, 151, 10789
List the prime factors of 3013610615.
5, 19, 853, 37189
List the prime factors of 4577743560.
2, 3, 5, 13, 53, 4259
List the prime factors of 35076319.
35076319
What are the prime factors of 49200301?
139, 239, 1481
List the prime factors of 73047338.
2, 7, 13, 8191
What are the prime factors of 328831749?
3, 36536861
List the prime factors of 5175589487.
29, 178468603
What are the prime factors of 91951503?
3, 7, 1019, 4297
What are the prime factors of 2974842863?
19, 31, 41, 47, 2621
List the prime factors of 990024342.
2, 3, 17, 509, 19069
What are the prime factors of 7640964?
2, 3, 19, 11171
What are the prime factors of 36182736?
2, 3, 71, 3539
List the prime factors of 87209978.
2, 1423, 30643
What are the prime factors of 845055062?
2, 37, 131, 179, 487
What are the prime factors of 62939160?
2, 3, 5, 101, 577
List the prime factors of 211797531.
3, 11, 311, 2293
What are the prime factors of 14820378?
2, 3, 2470063
List the prime factors of 527650323.
3, 151, 1164791
List the prime factors of 917233241.
269, 3409789
List the prime factors of 61302859.
101, 606959
What are the prime factors of 1135967223?
3, 378655741
What are the prime factors of 63051300?
2, 3, 5, 13, 17, 317
List the prime factors of 70791730.
2, 5, 37, 293, 653
What are the prime factors of 46854417?
3, 193, 80923
List the prime factors of 491457512.
2, 7, 13, 675079
List the prime factors of 1332603020.
2, 5, 7, 27751
List the prime factors of 79073001.
3, 7, 17, 43, 101
List the prime factors of 3567590992.
2, 7, 83, 383777
What are the prime factors of 214087792?
2, 13380487
List the prime factors of 1792859.
19, 127, 743
What are the prime factors of 4791223316?
2, 11, 107, 9511
List the prime factors of 116384163.
3, 7, 23, 29, 1187
What are the prime factors of 21889495?
5, 4377899
List the prime factors of 88734444.
2, 3, 2411, 3067
List the prime factors of 161481850.
2, 5, 23, 140419
What are the prime factors of 4728887?
4728887
List the prime factors of 5965633477.
5965633477
List the prime factors of 142869348.
2, 3, 101, 39293
List the prime factors of 75636934.
2, 443, 85369
List the prime factors of 16706039.
7, 2386577
What are the prime factors of 1007297182?
2, 283, 1779677
List the prime factors of 104696971.
787, 133033
List the prime factors of 5305261973.
11, 31, 113, 131, 1051
List the prime factors of 2042942917.
223, 9161179
What are the prime factors of 164828981?
164828981
List the prime factors of 15399603.
3, 17, 251, 401
What are the prime factors of 465082820?
2, 5, 173, 134417
What are the prime factors of 96965525?
5, 3878621
List the prime factors of 1254801801.
3, 11, 38024297
What are the prime factors of 493553958?
2, 3, 29, 103, 27539
List the prime factors of 562715361.
3, 13, 571, 8423
What are the prime factors of 229526311?
7, 1009, 32497
List the prime factors of 292526632.
2, 2131, 17159
List the prime factors of 267707073.
3, 7937, 11243
List the prime factors of 1416851230.
2, 5, 17, 101, 179, 461
List the prime factors of 1317396.
2, 3, 311, 353
List the prime factors of 19516356.
2, 3, 157, 1151
List the prime factors of 263322316.
2, 17, 3872387
What are the prime factors of 60089600?
2, 5, 41, 229
List the prime factors of 110565282.
2, 3, 31, 769, 773
List the prime factors of 29375291.
11, 103, 2357
What are the prime factors of 2663845?
5, 227, 2347
What are the prime factors of 1002344634?
2, 3, 55685813
List the prime factors of 267841666.
2, 347, 385939
List the prime factors of 337854685.
5, 7, 17, 349, 1627
What are the prime factors of 2422912342?
2, 313, 3870467
What are the prime factors of 1666049705?
5, 333209941
List the prime factors of 44170932.
2, 3, 13, 103, 2749
What are the prime factors of 4035310729?
4035310729
What are the prime factors of 33290640?
2, 3, 5, 46237
What are the prime factors of 83706774?
2, 3, 1019, 13691
List the prime factors of 47166331.
197, 239423
What are the prime fa